 = -3*t + 1. What is the remainder when t is divided by 0 + 0 + (-1)/(-1)?
0
Suppose 5*p = -0*p + 120. Suppose 0 = -2*i + 6*i - 5*x - 32, 3*i - 27 = 3*x. Calculate the remainder when p is divided by i.
11
Let g be (1/1)/((-1)/(-35)). Suppose -5*b - 34 = -4*f, -5*b + g = 3*f - 4*b. Let s = 36 - f. Calculate the remainder when s is divided by 13.
12
Let v = 1 + 1. Suppose 2*r = -v*r + 152. Suppose 3*j = r - 11. Calculate the remainder when 25 is divided by j.
7
What is the remainder when 4 is divided by 2 + 0 - 0*7/56?
0
Suppose -2*p + b + 53 = -p, 2*p + 5*b = 120. What is the remainder when p is divided by 19?
17
Let y(b) = -2*b + 6. What is the remainder when (10 + 1*-1)*3 is divided by y(-4)?
13
Let n(s) = -2*s - 4. Suppose -3*w + 5*a + 7 = -13, -5*w + 5*a = -20. Suppose w*f + 5*f + 20 = 0. Calculate the remainder when 13 is divided by n(f).
1
Suppose -2*x = 3*t - 33, 0 = -2*x - 5*t + 16 + 19. What is the remainder when 43 is divided by x?
13
Suppose -3 = -3*t + 2*t. Suppose 2*m = t*n - 115, -n - n - 5*m = -64. Calculate the remainder when n is divided by 19.
18
Let r(j) = -14*j - 8. Calculate the remainder when r(-3) is divided by 19.
15
What is the remainder when 12 is divided by (-15)/45 - (-16)/3?
2
Let z(w) = 37*w. Suppose 9 = -m - 5*q, 4*m - 14 = 4*q - 2. Calculate the remainder when z(m) is divided by 13.
11
Let r = -4 - -4. Suppose r = -5*k - 21 + 61. Let l(p) = 7*p**2 - 2*p - 1. Calculate the remainder when l(2) is divided by k.
7
Suppose -o = 2*o - 6, 3*s = -o + 452. Calculate the remainder when s is divided by 19.
17
Let l(m) = -1 - 2 - 3*m**3 + 2*m + 4. What is the remainder when 62 is divided by l(-2)?
20
Suppose 3*w = -0*w + 93. Let b(h) = 12*h - 1. What is the remainder when w is divided by b(1)?
9
Suppose 2*w + 3*w + 5*j = 240, -2*w + 4*j = -72. Let c(q) = 6*q**2 - 11*q - 6. What is the remainder when w is divided by c(3)?
14
Suppose 0 = -0*a - 4*a + 4. Calculate the remainder when -1*(-7)/(-1)*-1 is divided by a - (-2)/(4/6).
3
Let f = 32 + 113. Calculate the remainder when f is divided by 37.
34
Let v(z) = -4*z + 3. Let h(g) = -g**2 - 3. Let d be h(-3). Calculate the remainder when v(d) is divided by 18.
15
What is the remainder when (49/21 - -6)/(2/6) is divided by 13?
12
Let f(p) = -p**2 - 12*p - 21. Let x(w) be the first derivative of w**3/3 + w**2/2 + 55*w - 1. Calculate the remainder when x(0) is divided by f(-7).
13
Let a(m) = 7*m - 34. Calculate the remainder when a(16) is divided by 10.
8
Let y = 41 - 29. What is the remainder when y is divided by 9?
3
Let y = -36 + 81. What is the remainder when y is divided by 16?
13
Suppose 0 = 43*c - 40*c - 156. Calculate the remainder when c is divided by 29.
23
Let y = 27 - -2. Calculate the remainder when y is divided by 3.
2
Let r = -10 + 5. Let m(q) be the third derivative of q**6/120 + q**5/10 - q**3/6 + 2*q**2. What is the remainder when m(r) is divided by 13?
11
Suppose -d + 2*i = d - 120, 0 = 5*i + 10. Let g(p) = 4*p**2 - 1. What is the remainder when d is divided by g(-2)?
13
Suppose 2*y = 3*y. Suppose y = 5*h + 11 + 14, f + 4*h - 28 = 0. Calculate the remainder when f is divided by 17.
14
Let t(m) = m**2 - 4*m + 7. Let g(u) = 5*u - 1. Let x be g(1). Let y = 10 - x. What is the remainder when 36 is divided by t(y)?
17
Let a(c) = c**3 - c**2 + 4*c + 2. Let i(b) = -b**3 + 2*b**2 - 7*b - 3. Let w(m) = 7*a(m) + 4*i(m). What is the remainder when w(2) is divided by 16?
14
Suppose -4*o - o + 25 = 0. Suppose -2*m - 111 = 3*j - 31, 4*j = o*m - 99. What is the remainder when 38 is divided by 1/(24/j + 1)?
12
Suppose 5*z = -111 - 79. Calculate the remainder when (-6)/9*(-1 + z) is divided by 7.
5
Suppose -3*c + 50 = 3*z + 5, -5*z - 25 = 0. Suppose -11 = 3*a - 4*a. What is the remainder when c is divided by a?
9
Let h(k) = k - 3. What is the remainder when h(10) is divided by (-1)/(-2) + 14/4?
3
Suppose a - 16 = d - 3, -2*d - 37 = -3*a. Suppose g - a - 4 = 0. What is the remainder when 27 is divided by g?
12
Let j(w) = -2*w - 2. Let h = -6 - -11. Suppose -3*u + h*p + 76 = 0, -7*p = u - 3*p + 3. What is the remainder when u is divided by j(-4)?
5
Let o(w) = -3*w - 22. What is the remainder when 66 is divided by o(-15)?
20
Let q(p) = -p**2 - 7*p + 4. What is the remainder when 9 is divided by q(-7)?
1
Suppose -7*t + 26 = -6*t. Calculate the remainder when t is divided by 9.
8
Let t(l) = 9*l + 0 - 6 - 9*l**2 + l**3 + 0*l**3. Let a be t(8). Suppose -2*y = y - 2*k - 35, 0 = 4*y + a*k - 28. What is the remainder when y is divided by 5?
4
Let b be ((-162)/(-45))/(4/30). What is the remainder when 35 is divided by (-72)/b*18/(-8)?
5
Let r(v) = 10*v + 2. Let c(s) = s**2 - s. Let d be c(2). Calculate the remainder when r(d) is divided by 8.
6
Let h = 15 - -17. What is the remainder when 2 + (0 - (-372)/4) is divided by h?
31
Let p(x) = -x**3 + 9*x**2 - 9*x + 6. Let t be p(8). What is the remainder when 23 is divided by 2/12*t*-39?
10
Calculate the remainder when 14 is divided by (1 - (1 - 2)) + (-9)/(-3).
4
Let p be ((-9)/(-6))/(1/2). Suppose 2*i + 6*m = 3*m + 15, 0 = -4*m + 12. Suppose i = p*y - 39. What is the remainder when 26 is divided by y?
12
Let l(o) = 2*o - 1. Let u = 13 + -6. What is the remainder when l(u) is divided by 4?
1
Suppose -3*s + 43 = 3*k - 170, 2*s - 5*k = 128. Calculate the remainder when s is divided by 14.
13
Let f(n) = -n**2 - 7*n + 8. Let z be f(-7). Let i(v) = 3*v + 5. Calculate the remainder when i(z) is divided by 15.
14
Suppose 5*j = r + 253, 3*j - 4*r = -0*r + 162. Let g = 24 + -13. Suppose 6 = o - g. Calculate the remainder when j is divided by o.
16
Suppose 5*u + 71 + 49 = 0. Let c = u - -50. What is the remainder when c is divided by 9?
8
Let s(u) = u**2 + 3*u - 4. Suppose 4*h + 7 = 3*h. What is the remainder when 70 is divided by s(h)?
22
Suppose 0*h + h - 4*v - 15 = 0, -3*h - 4*v - 3 = 0. Suppose -c - 4 = -h*n + 2, 3*c = -n + 2. Calculate the remainder when n is divided by 2.
0
Let a = 30 - 3. What is the remainder when 77 is divided by a?
23
Suppose 2*f - 4*l + 11 = 41, -3*f - l = -17. What is the remainder when 33 is divided by f?
5
What is the remainder when 52 is divided by (2/5)/((-10)/(-350))?
10
Calculate the remainder when (145/(-10))/((-1)/2) is divided by 15.
14
Let k(d) = -d**2 + 5*d + 4. Let r be k(-3). Suppose 5*p - 3*n = -28, 3*n - 11 = 2*p + 2*n. Let j = p - r. Calculate the remainder when 29 is divided by j.
14
Suppose -22*x + 1386 = -4*x. What is the remainder when x is divided by 22?
11
Suppose v - 24 = -3*v. Suppose 0 = v*k - k + f - 50, -5*f = k + 14. Calculate the remainder when 21 is divided by k.
10
Let k = 47 + -32. Calculate the remainder when k is divided by 4.
3
Let d be (-4 - 1 - 1)*-1. Let x = d - -47. What is the remainder when x is divided by 18?
17
Let d(c) = 3*c**2 + 244. What is the remainder when d(0) is divided by 19?
16
Let k be (-2 + 140)/((-5)/10). What is the remainder when ((-2)/3)/(8/k) is divided by (5 + -1)/2 + 6?
7
Suppose -4*r + 3*k + 24 = -0*r, -4*r + 2*k + 28 = 0. Let p = r + -6. Calculate the remainder when p is divided by 2.
1
Suppose -5*f + 8 + 2 = 0. Suppose 6*a - 3*a = 0. Suppose 0 = p - 4*p + i + 11, a = -5*p - 4*i + 24. What is the remainder when p is divided by f?
0
Let k = 8 - 0. Calculate the remainder when k is divided by 3.
2
Let i(o) = -o - 2 - 1 + 3. Let x be i(-1). Calculate the remainder when 30 is divided by x/(3/(23 + 1)).
6
Suppose l - 60 = -2*l. Suppose 6*y - l = y. What is the remainder when 9 is divided by y?
1
Let x(p) = 2*p**3 + 2*p**2 - 1. Let y be x(1). Suppose 2*d - 6 = y*d. Let i(h) = -h**3 - 6*h**2 - 3*h + 2. Calculate the remainder when i(d) is divided by 11.
9
What is the remainder when 183 + (-2 - 8 - -5) is divided by 45?
43
Calculate the remainder when (-10)/(-30) + 203/3 is divided by 14.
12
Suppose 8*z - 95 = 3*z. Calculate the remainder when 73 is divided by z.
16
Let k = 0 + 2. Suppose 2*o - 11 = -5*t, -4*t - 3*o = -7*o + 8. What is the remainder when k is divided by t?
0
Let d(b) = b**2 + b - 15. What is the remainder when d(6) is divided by 6?
3
Suppose -534 = -3*c + 204. Suppose -c = -4*x + 4*o + 226, 3*x = -3*o + 360. What is the remainder when x is divided by 30?
29
Let t = 7 + -19. Let p = 34 + -36. Calculate the remainder when 45 is divided by ((-6)/t)/(p/(-